v**2 + 10*v - 1. Let p(k) = -9*h(k) - 4*s(k). List the prime factors of p(6).
5
Let r(g) = g**3 - 7*g**2 - 4*g. Let w be r(9). Suppose 170 = 5*h + q, 3*q + 44 = 5*h - w. List the prime factors of h.
2, 17
Suppose 80 = 11*b - 7*b. Suppose 5*m = 10 + b. List the prime factors of m.
2, 3
Suppose 13 = 3*w - 2*f, w - f + 4*f = -14. Let l = 5 - w. Suppose 30 = l*u + 5*s, 2*u - u + 4*s = 2. List the prime factors of u.
2, 5
Let i(y) = -y**2 - y - 12. Let w be i(0). Let u be (w/(-15))/(1/5). List the prime factors of 46/u - (-2)/4.
2, 3
Let u be (-2 + 1)/((-2)/(-10)). Let o = 21 + u. Suppose 0*y + 2*y - 2*a - o = 0, -y + 2*a = -4. What are the prime factors of y?
2, 3
Let k(s) = -s**3 - s**2 + s - 34. Let b be k(0). Let h = -10 - -6. List the prime factors of (2 + 0)*b/h.
17
Let t(n) = -11*n + 34. What are the prime factors of t(-11)?
5, 31
Let r(d) = 41*d + 27. List the prime factors of r(9).
2, 3, 11
Suppose 0*d = 2*d + 8. Let g = d + 19. Let k = 0 + g. List the prime factors of k.
3, 5
List the prime factors of (-2 - (-16)/12)*-96.
2
Suppose -r + 4*r = 12. Suppose -12 = -3*n, -5 = -4*m - r*n - 33. What are the prime factors of (-1)/((-1)/m*-1)?
11
Let i = 9 - 22. Let w = i - -3. Let l = -6 - w. List the prime factors of l.
2
Suppose 5*f - 4*w = 906 + 104, 5*f = -3*w + 1045. What are the prime factors of f?
2, 103
Suppose -2*o = 2*o + 32. Let b(r) = -7*r - 19. List the prime factors of b(o).
37
Suppose 5*k - 25 = 4*h, 5*k - 38 = 5*h + k. Let n be 3/12 - 15/(-4). List the prime factors of (25/h)/((-1)/n).
2, 5
Let f(i) = i + 8. Let t be f(-4). Suppose 3*a = 2*p - 23, 0 = t*p - 2*a + a - 31. Let v(j) = j**2 - 6*j + 10. List the prime factors of v(p).
17
Let f be (-4)/30 - 215/75. What are the prime factors of f + (-4)/(-1) + 34?
5, 7
Let a be (0 - 1*-2) + 0. Let q(t) = -3*t**3 - 4*t**a + 4*t**3 - 8*t - 9 + 9*t**2. List the prime factors of q(-6).
3
Suppose -2*u = -2*o - 28, -4*u = 7*o - 3*o - 72. Suppose 4*a = -0*a + u. Suppose -2*r = a*d - 40, 4*d = 4*r - d - 15. List the prime factors of r.
2, 5
Let o = 0 + -35. Let c be (-4)/6*(2 - -73). Let x = o - c. What are the prime factors of x?
3, 5
Let o = -64 + 116. Suppose -5*x + 197 = o. Let h = x - 18. List the prime factors of h.
11
Suppose 33 = 5*t - 92. Suppose -z - 4*z = -t. Suppose p + z - 16 = 0. What are the prime factors of p?
11
Suppose -p + 3*h = -0*h - 17, 0 = 5*p - 2*h - 20. Suppose 70 = p*i + 3*i. What are the prime factors of i?
2, 7
Suppose j - 6*j = 5*r - 5, 3*j - r - 23 = 0. What are the prime factors of (j + -5)/((-1)/(-11))?
11
Let q(o) = 5*o + 1. Let j be q(1). Suppose -5*r - j*b = -3*b + 28, 2 = -2*b. Let u(k) = -k - 3. List the prime factors of u(r).
2
Suppose 0*l + 5*l = 10. List the prime factors of l.
2
Suppose -8 = -4*k - 4*t, 3*k + t - 8 = -4. List the prime factors of 1 - (k*-6 + 1).
2, 3
Suppose 0 = -3*t + 25 - 10. Let i = t + -3. Suppose -i*c - x - 44 = -7*c, 0 = c + 3*x - 12. List the prime factors of c.
3
Suppose -12 = -5*h - 2, 0 = 4*z - h - 6. Suppose -5*d = -4*y - 36, -3*d - y + z = -23. List the prime factors of d.
2
Let r = -56 + 108. What are the prime factors of r?
2, 13
List the prime factors of (-4)/(1 - 12/8).
2
Let c be (-1)/(-2 + 51/27). Suppose c = -2*l + 3*l. List the prime factors of l.
3
Let x(n) = 117*n - 9. List the prime factors of x(2).
3, 5
Let z be ((-1)/(-1))/((-1)/(-31)). Let v = 54 - z. What are the prime factors of v?
23
Let p(i) = -4*i**3 - i - 1. Let o be p(-1). Suppose -a = -3 - 2, -d - o*a + 25 = 0. What are the prime factors of d?
5
List the prime factors of -255*(9/((-45)/(-16)) + -4).
2, 3, 17
Let y(w) = -12*w. What are the prime factors of y(-2)?
2, 3
What are the prime factors of ((-9)/(-27))/(2/1002)?
167
Let y = -15 + 17. Suppose 4*b + y*d - 3*d = 103, 106 = 3*b + 5*d. What are the prime factors of b?
3
List the prime factors of 9312/88 + 3/(99/6).
2, 53
Let m(t) = 6*t**2 + 2*t - 1. Let v(u) = 6*u**2 + 3*u - 1. Let r(d) = 6*m(d) - 5*v(d). What are the prime factors of r(-2)?
29
Suppose 2*j - 234 = 6*s - 4*s, 15 = -5*s. List the prime factors of j.
2, 3, 19
List the prime factors of -13*(-11 + (6 - 2)).
7, 13
Let o(y) be the second derivative of y**3/6 + y**2/2 - y. Suppose -2*c + 9 = 5*s, -3*c - 4*s = -s - 9. What are the prime factors of o(c)?
3
Suppose 2*h - 112 = 56. Suppose 0 = -0*l + 3*l - h. List the prime factors of 50/8 - 7/l.
2, 3
Let b = 3 - -93. List the prime factors of b.
2, 3
Let p = -100 + 68. Let j be p/10*5/(-1). Suppose 0 = -4*t - j, -2*f - 5*t + 2 = -3*t. What are the prime factors of f?
5
Let w(b) = -3*b + 4. Let q(o) = -2*o + 2. Let n(a) = 5*q(a) - 3*w(a). Let t be n(-3). Suppose 3*v - 19 = -t. What are the prime factors of v?
2, 3
Let w = 117 - 80. List the prime factors of w.
37
Suppose -u - 4*u = -345. What are the prime factors of u?
3, 23
Suppose 0*d + 6 = -d. What are the prime factors of (-357)/(-27) - d/(-27)?
13
Suppose 0 = -2*p + p - 7. Let s = 9 + p. What are the prime factors of -3 + 18 + (s - 0)?
17
Let i = -5 + 11. List the prime factors of i/24 + (-238)/(-8).
2, 3, 5
Suppose 0*z = 3*z - 474. What are the prime factors of z?
2, 79
Let n = -2 - -1. Let o = 3 + n. Suppose -7 + 1 = -2*v, 30 = 4*t + o*v. What are the prime factors of t?
2, 3
Suppose -7 = 3*h + 35. Let t = 22 + h. What are the prime factors of (-3)/(-9)*3 + t?
3
Let n(j) = 2*j**3 - 7*j**2 - 3*j + 7. What are the prime factors of n(5)?
67
Let t = 4 + 11. What are the prime factors of t?
3, 5
Let h be 231/(-55) + (-2)/(-10). Let y(t) = 2*t**2 + 5*t + 5. What are the prime factors of y(h)?
17
Let n(a) = 3*a + 9. List the prime factors of n(10).
3, 13
Suppose f - 2*q + 2 = 0, 3 = -3*f + 2*q + 1. Suppose h = 4*r + 15, 2*r - 4*r - 2*h = f. List the prime factors of 3 + 14/(-2 - r).
17
Let c be 3*(0 + -2 + 1). Let h(w) = -11*w - 4. Let u be h(4). List the prime factors of (c/6)/(2/u).
2, 3
Suppose -12 - 41 = -u. What are the prime factors of u?
53
Let l = -1 + 3. Let a be 1/l*(-12)/2. List the prime factors of (-5)/(-15) + (-17)/a.
2, 3
Let c(n) = 12*n - 6. Let f be c(6). Suppose -2*x + 60 = 4*i - f, -x = -5*i + 154. List the prime factors of i.
31
Suppose 4*v - 3*v - 13 = 0. List the prime factors of v.
13
Suppose 4*t = t + 6. Let d = -6 + t. List the prime factors of (8/(-3))/(d/6).
2
Let k = 5 + -3. Suppose 8 = k*d - 0*d. List the prime factors of d.
2
Suppose 10 = -2*w, -3*w = -4*f - 0*w + 367. Suppose -226 = -5*j - 3*k, 0 = 2*j - 3*k + 6 - f. List the prime factors of j.
2, 11
What are the prime factors of ((-8)/12*3)/(1/(-29))?
2, 29
Let k(z) = 12 - 8*z**2 - 5*z**2 + z**3 - 14*z + 0. List the prime factors of k(14).
2, 3
Suppose -5 + 2 = 3*w. Let f(u) = 5*u**2. What are the prime factors of f(w)?
5
Let i = 15 - 24. Let l be 2/i + 4/18. Suppose -4*z - a + 29 = l, 4*a + 1 = -z - 3. What are the prime factors of z?
2
Suppose -29 = -5*a - b + 243, 4*a + b - 218 = 0. What are the prime factors of a?
2, 3
Suppose 0*a + a = 20. Let u be ((-21)/(-5))/(4/a). Let y = -11 + u. What are the prime factors of y?
2, 5
Suppose 22 = 2*y - 30. What are the prime factors of y?
2, 13
Suppose 3*s - 49 - 41 = 0. List the prime factors of s.
2, 3, 5
Suppose 8 = -4*p + 20. Suppose 0 = -2*u + 5*j - 17, -3*u + 2*u = p*j - 19. Suppose u = 4*s, -5*s - 33 = -4*o - 2*s. List the prime factors of o.
3
Let w(r) = -28*r + 11. What are the prime factors of w(-4)?
3, 41
Let j(l) = 2*l - 1. Suppose -3*s = -5*s + 12. What are the prime factors of j(s)?
11
Suppose 4*d + 0*d = 88. Let o = -7 + d. What are the prime factors of o?
3, 5
Let w = -1 + 19. What are the prime factors of w?
2, 3
Suppose 14*u - 1012 = 3*u. List the prime factors of u.
2, 23
Let q = 19 + 0. List the prime factors of q.
19
Suppose 2*d + 2*d = -4*s + 16, 0 = -4*d + 4*s. Suppose -5*c + 5 = 4*q - q, 5*q + d*c = 21. List the prime factors of q.
5
Let t(p) = 4*p. Let k be t(1). Let y(v) = -2*v + 10. Let b be y(3). Suppose -3*a = b*i - 1, -2 = a + k*i + 3. What are the prime factors of a?
3
Let j be (-3)/(-2) - (-33)/6. Let b = j - 0. What are the prime factors of b?
7
Let k = -3 + -3. Let x(b) = -3*b**3 + 3*b**2 + 4*b + 2. Let o be x(-2). What are the prime factors of k/10 + 348/o?
11
Let c(u) = u**3 - 3*u**2 - 4*u - 1. What are the prime factors of c(6)?
83
Suppose -8*b + 32 = -4*b. Let c = -6 + b. Suppos